16 - -3) + (11 - 0) - 23?
-25
What is the value of -13 + (-68 + 81 - (2 - -6))?
-8
(5 - 1 - 20 - -8) + 13
5
Calculate -2 + (-3 - (3 + (5 - -5) - 5)).
-13
-24 + 49 + (5 - 21)
9
What is -32 + 2 + 25 + -1 + 3?
-3
What is 0 - (-1 - 3) - ((-6 - 9) + 35)?
-16
What is the value of -3 + 9 + -11 + (5 - -1)?
1
What is (-28 - -31 - 10) + (7 - (0 - 2))?
2
(-5 - 13 - -2) + 2
-14
-18 - (-4 + (-2 - (1 - (-8 - -6))))
-9
Evaluate -3 + -4 - (142 + -159).
10
Evaluate 4 + -17 + -1 + (171 - 166).
-9
What is the value of 1 + (15 - 0) - (-2 + -2 + 9)?
11
Evaluate 12 + (-8 - (-2 - 4)).
10
What is the value of 10 - (-13 - -25 - -1)?
-3
Evaluate -7 + 7 + 7 + (1 - (-8 + 3)).
13
Evaluate 10 - 0 - (22 - (-15 + -6 + 13)).
-20
Evaluate -8 + 2 + -18 + -5 + (10 - 6).
-25
4 + -7 - (-134 - -157)
-26
What is the value of 268 + -266 - (-7 - 0)?
9
(11 + -10 - (4 + 2)) + (-1 - -5)
-1
14 + (11 - 18) - 3 - (29 - 1)
-24
Evaluate (-34 - (-18 - 7)) + -17.
-26
Calculate (-1 - (0 - 11)) + (-7 - 8).
-5
What is (40 - 66) + 35 + (-1 - -2)?
10
Calculate 0 - -7 - (1045 - 1041).
3
What is (10 - 2) + 12 - (-28 - -25)?
23
What is the value of 2 - (4 - (-16 + 21 + 9 + -1))?
11
Evaluate -2 + 6 + (-24 - -27) - (-7 + 10).
4
What is (-9 - -36) + (12 - 20)?
19
Calculate (-21 + 7 + 2 - -11) + 4 + 15.
18
What is -12 - -8 - -2 - 2?
-4
What is 19 - ((5 - 4) + 7)?
11
Evaluate (-6 - -1) + (-5 - 13 - -20 - -7).
4
Evaluate 3 + -8 + -7 + (1 - -1).
-10
-5 + 18 - (-5 - (-13 - -6))
11
Evaluate 1 - -3 - 8 - (23 - 12).
-15
What is -9 - (-8 + (2 + 15 - 10))?
-8
Evaluate 0 - (-7 + -5 + 0 + -9 - -3).
18
26 + (-10 - 4 - -7)
19
What is the value of 0 - ((3 - 3) + (1 - (-18 - -24)))?
5
What is the value of 1 + (2 - (10 - 19))?
12
What is 11 - (7 + -9 + 9 + 0)?
4
What is (-5 - -3) + -1 + 8 + -4?
1
Evaluate 5 - (29 - 16) - -27.
19
Calculate (22 - -4) + -5 - 5.
16
What is -6 + -2 + 2 + (-244 - -251) + 12?
13
(-5 - 10) + (22 - (6 - -8))
-7
What is -12 - -5 - (8 - 9) - -6 - -27?
27
Calculate (0 + -5 - (-3 - -2)) + 26.
22
-3 + 0 + 0 - (-118 + 128)
-13
Evaluate (-12 - 18) + 19 + (5 - 16).
-22
Evaluate (-8 + -1 - (6 - 24)) + 5.
14
Evaluate 7 + (1 + -6 + 0 - -2) + -12.
-8
What is 7 + 17 + (-7 - 8)?
9
Calculate -13 + -1 - -7 - (-6 - (7 - -5)).
11
What is the value of -43 + 40 - (-1 + (-5 - (2 + -2)))?
3
Calculate (4 - -15) + -18 + 22.
23
-181 + 184 - (-5 - 2)
10
What is the value of (-26 - -29 - 37) + 50?
16
What is 206 + -189 - (15 - 1)?
3
Evaluate -5 + -4 + -1 + 5 + 6.
1
What is (52 - 54) + (8 - -2)?
8
What is the value of 15 - (7 - 23 - 8)?
39
Evaluate 3 + -5 + -4 - -5.
-1
(1 - -14) + (-10 - (-17 + -3))
25
-76 + 87 - (-22 - (-7 - 2))
24
What is -4 + (15 - (9 + 10))?
-8
What is 15 - (8 - -20 - -5)?
-18
Evaluate -553 + 543 + (1 - 5) + 39.
25
Evaluate 11 + -14 + (7 - (0 - -1)).
3
What is (-58 - -66 - (7 + 0) - 8) + 20?
13
Evaluate 2 + (0 - -9) + -18.
-7
-21 + 19 - 25 - (-11 - -1)
-17
Evaluate -25 - (16 - (-25 - -87)).
21
What is (19 - (17 + -5)) + -18 + 2?
-9
Evaluate -12 + (-7 + -5 + 3 - -5).
-16
Calculate 13 - (-20 - (-25 - -12)).
20
What is the value of -16 + (-3 + -9 - (-35 - 2))?
9
Evaluate 14 - (21 + -14 - -22).
-15
(-46 - (-49 - -28)) + 54
29
-11 + (-2 + 27 - -5) + -5
14
What is -15 + -37 + 53 + -1?
0
Calculate (3 + -9 - 3) + (-11 - 1 - -12).
-9
Calculate -19 + 20 + 3 - 2.
2
What is -1 + 1 - (-14 + 6 + 7 - 0)?
1
What is the value of -5 + 27 + -71 + 58 + -16?
-7
2 - (14 - -21 - 14)
-19
What is 14 + 3 + -45 + 2 + 1?
-25
Calculate -27 - (9 + -12) - (-7 + 0 - -8).
-25
What is the value of -30 + (13 + 18 - -22)?
23
11 - (4 - 3 - 1)
11
What is -3 + 2 + 7 + -13 - 15?
-22
Calculate 12 + 14 - 10 - 11.
5
Evaluate (34 - (-9 - -24)) + -2 + (1 - 6).
12
Evaluate (44 - 10) + -10 + -8 - (0 + -3).
19
Evaluate (-16 - (9 + -24)) + -2 + 5.
2
What is -15 - (1 - (25 + -16))?
-7
What is 15 + (0 - -2) + -13 + 23?
27
What is the value of -1 - -50 - (54 - 29)?
24
Evaluate (-14 - (8 + -9 - 8)) + 6 + 11.
12
Evaluate -2 - -9 - (-1 - 0).
8
Evaluate (0 - -2) + -2 + 70 + -67 + -7.
-4
What is the value of -2 + 5 + 1 - ((-11 - -3) + 25)?
-13
Evaluate (12 - (72 + -40)) + 51.
31
5 - (5 + 15 + -19) - 6
-2
Calculate -22 - (8 - (-2 + 23)).
-9
Evaluate -138 + 59 + 56 + (1 - (-6 + -1)).
-15
What is -4 + (-8 - ((-6 - 9) + 6))?
-3
Calculate 701 - 669 - (2 - 1 - -6).
25
Evaluate (-174 - -171) + 1 + 1.
-1
What is (6 - 0) + 2 - (17 + -13 - 9)?
13
What is the value of -28 - -52 - 39 - (1 - (0 + 0))?
-16
Calculate (-4 - (-6 - 18)) + -2 + (-1 - 4).
13
Calculate 5 - (-7 - (9 - 12) - (-3 - -1)).
7
Evaluate 142 - 161 - (4 - (-2 - -7)).
-18
(-560 - -576) + -2 + -1 + -33
-20
3 + (180 - 173 - (-4 + -2 - 3))
19
What is -6 + (0 - (19 + -15 - (5 - -1)))?
-4
Evaluate 10 + 4 + (9 - 20) + 18.
21
Calculate 10 + (9 - 14) - 23.
-18
What is 2 + -1 - ((-15 - (4 + -34)) + -24)?
10
What is the value of 5 + (9 - (3 + 5)) - (20 + -42)?
28
Evaluate (-6 + (-7 + 6 - -11) - 5) + -1.
-2
-12 + (3 - (-1 + 3 - (9 - 12)))
-14
6 + 0 - 0 - (34 - (-19 + 54))
7
Calculate -17 + -2 + 4 - (942 - 980).
23
What is the value of 4 + 21 + (14 - (20 - 0))?
19
What is (1247 - 1223) + (-2 - -10)?
32
What is the value of 0 + -12 + -7 + 22?
3
Evaluate -6 - -3 - (50 + -67).
14
Evaluate -16 - (-15 + 12 + -2 + 0 + 0).
-11
Evaluate -1 - -1 - -5 - (11 + 9 + -3).
-12
1 - ((-5 + 7 + -14 - -6) + 17)
-10
Calculate -10 + 6 + (15 - 9) + -9 + 2.
-5
Calculate (0 - (-5 + -2)) + (25 - 40 - -4).
-4
Calculate 2 + (15 - 14) + -8 + 1.
-4
Evaluate 32 + 12 + 2 + -32.
14
What is -12 + (-19 + 42 - 6)?
5
-8 + 4 + 7 + (82 - 93)
-8
What is the value of (2 - (11 + -3) - 0) + (-5 - 12)?
-23
Calculate 16 + 4 + -3 + -3 + (-69 - -66).
11
What is (-2 - 13) + (61 - 51)?
-5
Calculate 1 + 2 + -7 + 2 + 0 + -5.
-7
What is -9 + 3 + -2 + (17 - 1 - 9)?
-1
What is 47 + -26 + -18 - 32?
-29
What is the value of 0 + -25 + (31 - -6)?
12
Calculate 8 + -12 + (-13 - (8 - 12)).
-13
-483 - -494 - (39 + 1 - 1)
-28
(-15 - 4) + 29 + (-3 - 28)
-21
Evaluate -7 - (-4 - (-14 + 5)).
-12
Evaluate 1 - 51 - (448 - 477).
-21
What is the value of (-9 - 3 - -4) + 20?
12
What is the value of (-14 - (-6 - -3)) + (158 - 133)?
14
What is the value of 11 + -9 + 19 + -37?
-16
Calculate 12 + 15 - (28 + -8).
7
18 + 7 + 0 + -17 + 0 + 8
16
Evaluate -5 - 1 - (-2 + -1) - -12.
9
-10 - (4 + 7 + -34)
13
What is 3 + 32 + (-65 - -26)?
-4
What is 0 - 12 - (-31 - -23)?
-4
What is 11 + 12 + (-2 - 3) + -14?
4
Evaluate (15 - 5 - -2) + (-9 - -2 - 0).
5
Calculate (2217 - 2218) + ((-17 - -2) + 1 - 2).
-17
What is the value of 5 - (11 + -5 + -4)?
3
Calculate -38 + -12 + 40 - -28.
18
What is 4 + -25 + (8 - (1 - 2))?
-12
Calculate (-5 - (4 + -4 + 3 + -4)) + 6.
2
What is the value of -8 + 2 + (1 + -6 - (-7 - -9))?
-13
What is 2 + (-7 - -1) + (-1 - -2) + 7?
4
What is the value of 8 + (5 - 1) + -2 + 49 + -58?
1
Calculate 17 - (8 + -5) - (35 - 36).
15
What is -8 - (-21 + (11 - 10))?
12
What is the value of -4 + 3 + -14 + -43 + 56?
-2
Calculate -4 + (-6 - (0 - 34 - -2) - -3).
25
What is (60 - 46 - -29) + -19?
24
30 + 8 + (-13 - 6)
19
Evaluate 32 - -2 - (-66 - -77).
23
What is the value of (0 + (3 - 4) + 3 - 0) + 12?
14
3 + -9 + 45 + 19 + -44
14
(24 - 12 - 22) + 9
-1
What is the value of -12 + -1 + 1 + (34 - 11) + -24?
-13
Evaluate 2 + -1 - (5 + -11) - (31 - 13).
-11
(-14 + 0 - 5) + -4 + (53 - 49)
-19
(206 - -68) + -231 + -5 + 0 + -1
37
0 + 5 - (-278 + 290)
-7
What is (24 - 3) + (3 - 10) + -26?
-12
What is ((-15 - -19) + (23 - 2) - -3) + -1?
27
Calculate -7 + 3 - (-56 + 66).
-14
What is 16 - (18 + -5 + -1)?
4
What is the value of -20 + 0 + (-47 + 100 - 57)?
-24
Evaluate 14 + (-28 + 33 - 0).
19
Evaluate (-1 + -2 - -1) + 0 + -12.
-14
What is the value of -4 + 11 + (3 - 8) + -5 - 10?
-13
Evaluate (-12 + -20 - 43) + 36.
-39
Calculate 5 + 2 + (-20 - (-34 + 17)).
4
What is 16 + -27 + (-14 - 2)?
-27
What is the value of -7 + (0 + 16 - 5) + (-3 - -8)?
9
(18 - 1) + (-20 - (-27 - -6)) + -7
11
Calculate 22 + (-15 - -32 - 34).
5
What is -1 + (-9 - (-5 + (-27 - (10 - 4))))?
28
-4 + (-8 - -21) + -10
-1
-28 + (22 - -4) - (4 + 7)
-13
Calculate 11 + -70 + 90 + -43.
-12
(-14 - (-34 - -17)) + -3 + 19
19
Calculate 12 - 13 - -12 - 0.
11
Calculate 34 + -32 + 5 - (26 - -1).
-20
Evaluate -6 + 10 - (212 + -183).
-25
What is -15 + 6 + -6 + 0 + 3 + -3?
-15
Evaluate (1 - 0) + 26 + -24 + -7.
-4
What is the value of 16 + (1 - 21) - ((-4 - 